{"id":94,"date":"2021-05-23T08:26:52","date_gmt":"2021-05-23T06:26:52","guid":{"rendered":"http:\/\/basenautiquelavoilerie.fr\/?page_id=94"},"modified":"2024-02-22T10:42:12","modified_gmt":"2024-02-22T09:42:12","slug":"cours-collectifs","status":"publish","type":"page","link":"https:\/\/basenautiquelavoilerie.fr\/?page_id=94","title":{"rendered":"Cours collectifs &#038; particuliers"},"content":{"rendered":"\n<p>Nous proposons <strong>des stages <\/strong>de voile et planche \u00e0 voile, d\u00e9butant et perfectionnement. (3 personnes minimum)<\/p>\n\n\n\n<p>Les cours collectifs ont lieu du lundi au vendredi, 11h\/13h et 14h\/16h <\/p>\n\n\n\n<p>Pour les enfants \u00e0 partir de 6 ans: initiation et perfectionnement \u00e0 la voile sur mini catamaran<\/p>\n\n\n\n<p>Pour les enfants \u00e0 partir de 10 ans: initiation et perfectionnement \u00e0 la planche \u00e0 voile<\/p>\n\n\n\n<p>Pour les adultes: initiation et perfectionnement \u00e0 la voile et planche \u00e0 voile<\/p>\n\n\n\n<p><strong>Le\u00e7ons particuli\u00e8res<\/strong> de planche \u00e0 voile et catamaran: \u00e0 la demande<\/p>\n\n\n\n<p><\/p>\n\n\n\n<p class=\"has-text-color has-background has-text-align-center has-white-color has-header-gradient-background-color\"><em><strong>Parking priv\u00e9 r\u00e9serv\u00e9 aux clients de la base nautique!<\/strong><\/em> Contactez-nous \u00e0 votre arriv\u00e9e sur site au 06 98 46 83 11<\/p>\n\n\n\n<p><\/p>\n","protected":false},"excerpt":{"rendered":"<p>Nous proposons des stages de voile et planche \u00e0 voile, d\u00e9butant et perfectionnement. (3 personnes minimum) Les cours collectifs ont lieu du lundi au vendredi, 11h\/13h et 14h\/16h Pour les enfants \u00e0 partir de 6 ans: initiation et perfectionnement \u00e0 la voile sur mini catamaran Pour les enfants \u00e0 partir [&hellip;]<\/p>\n","protected":false},"author":1,"featured_media":0,"parent":0,"menu_order":0,"comment_status":"closed","ping_status":"closed","template":"","meta":{"footnotes":""},"class_list":["post-94","page","type-page","status-publish","hentry"],"_links":{"self":[{"href":"https:\/\/basenautiquelavoilerie.fr\/index.php?rest_route=\/wp\/v2\/pages\/94","targetHints":{"allow":["GET"]}}],"collection":[{"href":"https:\/\/basenautiquelavoilerie.fr\/index.php?rest_route=\/wp\/v2\/pages"}],"about":[{"href":"https:\/\/basenautiquelavoilerie.fr\/index.php?rest_route=\/wp\/v2\/types\/page"}],"author":[{"embeddable":true,"href":"https:\/\/basenautiquelavoilerie.fr\/index.php?rest_route=\/wp\/v2\/users\/1"}],"replies":[{"embeddable":true,"href":"https:\/\/basenautiquelavoilerie.fr\/index.php?rest_route=%2Fwp%2Fv2%2Fcomments&post=94"}],"version-history":[{"count":10,"href":"https:\/\/basenautiquelavoilerie.fr\/index.php?rest_route=\/wp\/v2\/pages\/94\/revisions"}],"predecessor-version":[{"id":245,"href":"https:\/\/basenautiquelavoilerie.fr\/index.php?rest_route=\/wp\/v2\/pages\/94\/revisions\/245"}],"wp:attachment":[{"href":"https:\/\/basenautiquelavoilerie.fr\/index.php?rest_route=%2Fwp%2Fv2%2Fmedia&parent=94"}],"curies":[{"name":"wp","href":"https:\/\/api.w.org\/{rel}","templated":true}]}}